37*p - 37. Let i be h(1). Calculate the greatest common factor of 481 and i.
37
Let i be (1608/(-469))/(62/(-56) + 1). What is the greatest common factor of 560 and i?
16
Suppose 2*i + 28 = 7*i + 2*q, -4*i + 3*q = -27. Suppose 0 = -0*w - 5*w. Let f be 54 + 0 + w/(-5). What is the highest common divisor of i and f?
6
Let z(n) = 76*n**2 - n. Let w be z(-1). Let y be (-5542)/(-510) + (0 - 6/(-45)). What is the highest common factor of y and w?
11
Suppose -3*r = 4*o - 1144, 2*r = -15*o + 14*o + 766. What is the greatest common divisor of r and 6?
6
Suppose -1373 = -t + u, 0*u - 6879 = -5*t - 2*u. What is the greatest common factor of 11 and t?
11
Suppose 24*t + 22*t = 5796. What is the greatest common divisor of 28 and t?
14
Let o be ((-21)/14)/((-3)/14). Let q be (6/9)/((-2)/(-9)). Suppose c - o = 2*t, q*t + 44 = 5*c + 2*t. Calculate the highest common factor of 3 and c.
3
Let v(z) = -z**3 + 9*z**2 - 4*z - 4. Suppose q - 8 = -0*w - 2*w, 24 = 3*q - 3*w. Let r be v(q). Calculate the highest common factor of r and 224.
28
Suppose 6*o = 3*o + 81. Calculate the greatest common divisor of o and 171.
9
Let n(q) = 358*q - 1. Let i be n(2). Calculate the greatest common divisor of 65 and i.
65
Suppose 10*a - 3 = 7*a. Calculate the greatest common factor of a and 25.
1
Suppose -2*z - 2*z = v + 3307, -5*v = 5*z + 4115. Let s = -542 - z. Calculate the greatest common divisor of s and 26.
26
Suppose 2*j - 10 = 0, 3*t + 2*t - 35 = -j. Let m be 3/t - ((-33)/6 - -2). What is the highest common divisor of m and 20?
4
Let f = -281 + 441. Calculate the highest common divisor of 40 and f.
40
Let n(y) = -y**3 - 9*y**2 - 18*y + 6. Let m be n(-9). Suppose d = 5*d + 4*r - m, -3*r = -4*d + 147. Calculate the highest common divisor of 13 and d.
13
Suppose 4*d - 3 - 5 = 0. Let y(z) = -60*z - 2. Let s be y(d). Let j = -59 - s. What is the greatest common factor of j and 9?
9
Suppose -6*p = -10*p - 84. Let l = p + 26. Suppose 0 = d - 3*k - l, -3*d + 2*k + 9 + 13 = 0. What is the greatest common divisor of 40 and d?
8
Let p = 25 + -4. Calculate the greatest common divisor of 6 and p.
3
Suppose -2*j + 1686 = 4*l, -2*j + 7*j = 15. Calculate the greatest common divisor of 168 and l.
84
Suppose -4*i - 2 = 5*g, -2*g = 2*i + 2*i + 8. Let a(u) = -19*u - 2. Let x be a(1). Let r = x - -39. Calculate the highest common divisor of g and r.
2
Suppose 6 = c - 3*p, 6*c + 2*p = c + 13. Let o be (c - -2)/5*3. Suppose 2*n + n = 18. What is the highest common factor of o and n?
3
Let f be 10/360*9 - (-3)/4. Let s = 0 - -1. What is the highest common divisor of f and s?
1
Let q = 294 - 73. What is the highest common factor of q and 34?
17
Suppose -5*s = -2*b + 343, b - 4*s - 57 - 116 = 0. Calculate the highest common factor of 13 and b.
13
Suppose 938 = -3*f + 1052. Calculate the greatest common divisor of f and 133.
19
Suppose 2*b = t + 4, 11*t - 28 = 6*t - 2*b. What is the greatest common factor of 128 and t?
4
Suppose a - 552 = 2*d, 8*d = -a + 5*d + 532. Calculate the highest common divisor of 68 and a.
68
Let y(a) = 23*a**2 - 2*a + 1. Let g be y(1). Suppose z = -0*z - g. Let b = -5 - z. What is the greatest common factor of b and 85?
17
Let o = 27 - -41. What is the highest common factor of 4 and o?
4
Let m be (25203/(-465))/((-1)/65). Calculate the greatest common factor of m and 13.
13
Let p be -7*1 - (-1309)/(-11)*-1. What is the greatest common factor of p and 16?
16
Let z = 160 - 131. Calculate the greatest common divisor of z and 377.
29
Let a = 348 - 271. Calculate the highest common divisor of a and 22.
11
Suppose 4*t - 737 - 187 = 0. Let p(q) be the second derivative of -q**3/6 + 39*q**2/2 - 9*q. Let i be p(18). Calculate the greatest common divisor of t and i.
21
Suppose 63*k + 6655 = 28705. Calculate the highest common factor of k and 490.
70
Suppose 0*t = 5*t - 2*g - 42, -4*t + 56 = 4*g. Let s be -59 + 10/(5 + 0). Let q = -17 - s. Calculate the greatest common divisor of t and q.
10
Let c(r) = -r**3 + 4*r**2 - r + 1. Let z be c(4). Let h be 0 - (z - 0 - 0). Suppose -i + 4 = h*i. What is the highest common factor of i and 9?
1
Let q(a) = -a**3 - a**2 + 4*a - 4. Let p be q(-3). Suppose -12 = -3*k + 3*z, -p*k - 5*z - 5 = 8. Calculate the greatest common divisor of 4 and k.
1
Suppose 9*c - 275 = 4*c - 3*o, 3*o = 0. What is the greatest common factor of c and 99?
11
Let t(y) = 12*y + 4. Let h be t(2). Suppose 3*d + h = 5*d. Calculate the greatest common factor of d and 126.
14
Let o = 34 - 20. Let t be (455/(-26))/((-3 - -1)/4). Let b = t - o. What is the greatest common factor of 3 and b?
3
Suppose s - 3*z = -0*s + 16, 3*s + 4*z = -4. Let c be s/((-12)/39) + 1. Let n = 14 + c. What is the highest common factor of 4 and n?
2
Let w = 92 - 9. Suppose -5*v + d = -3*d - 310, v - w = 5*d. Suppose 5*k = k - 2*b + 226, k - v = -2*b. Calculate the greatest common divisor of 14 and k.
14
Let k = -80 - -84. Suppose -5*y + 105 = -k*p + 3*p, 3*y - 35 = -5*p. Calculate the highest common divisor of y and 160.
20
Let l(o) = 0 - 2 + 9*o**2 - 2*o + 8*o**2 - 5*o**2. Let y be l(-1). What is the greatest common factor of 36 and y?
12
Suppose -9*y + 268 = -110. What is the greatest common factor of y and 18?
6
Suppose 4*r - 7 = 25. Let x = r - -13. Suppose 5*p = -5*d + 100, 26*p - 4*d = 22*p + 88. Calculate the highest common divisor of p and x.
21
Let n = 54 + -37. Let m = n - -2. Suppose t + 12 = 107. Calculate the greatest common factor of t and m.
19
Let r(b) = 7*b - 320. Let z be r(47). What is the highest common divisor of z and 729?
9
Suppose -2*a = -0*a - 4*d - 276, 5*d = -4*a + 552. Let w be 46*(-6 + 8 - 1). Calculate the greatest common factor of w and a.
46
Suppose -5*g + 18 = x - 40, 3*x = 3*g - 24. Let d = 9 - 5. Let p(n) = 2*n**2 + 6*n - 1. Let c be p(d). Calculate the greatest common divisor of g and c.
11
Let f(t) = 6*t**3 + t**2 - t. Let x be f(1). Let c(u) = u**2 - 5*u + 9. Let r be c(x). Let j be 4/((r/6)/5). Calculate the highest common divisor of j and 2.
2
Let w be ((-73)/2 - 0)/((-1)/2). Suppose 6*z - 41 = w. What is the highest common factor of z and 38?
19
Suppose -4*d + 7478 = n, 5*d - 2*n - 5603 = 2*d. What is the greatest common divisor of d and 21?
21
Let v(c) = 1559*c**3 + c**2 + 15*c - 15. Let w be v(1). What is the greatest common factor of 39 and w?
39
Suppose 11 = -9*d - 25. Let r be (-34)/d + (-4)/8. Suppose -2*m - 5*k = -2*k + 2, 0 = -3*m - 5*k - 4. Calculate the greatest common divisor of r and m.
2
Suppose -313 = -5*s - 5*c + 182, -5*s - 3*c = -489. Suppose 2*h = -0*h + 24. Calculate the highest common divisor of s and h.
12
Suppose -4*n - 2*t + 200 = 0, 5*n - 3*t - 83 - 178 = 0. Let z = n + -28. Let k be 579/(-15)*-5 + -9. Calculate the highest common divisor of z and k.
23
Let z(t) be the second derivative of 11*t**3/3 - 3*t**2 - 4*t. Let m be z(-4). Let d be m/(-2) + (-8 - -6). Calculate the greatest common factor of d and 5.
5
Let b = 29 + -26. Suppose 2*c = b*w - 53, -12 = 5*c + 8. Calculate the highest common divisor of w and 120.
15
Suppose 15 = -3*c + 3*z, -2*z + 1 = -2*c - 3*z. Let s be ((-27)/(-6) + c)*6. What is the highest common divisor of s and 3?
3
Let i be (4/(-6))/(28/210). Let h(k) = k**2 - 4*k - 1. Let c be h(6). Let s = c + i. Calculate the greatest common divisor of 12 and s.
6
Let x(d) = -21*d + 669. Let u be x(28). What is the highest common divisor of u and 918?
27
Let j(l) = -l**3 - 8*l**2 + 8*l + 16. Let c be j(-10). What is the highest common factor of c and 17?
17
Let d(l) = -11*l - 8*l - 4 - 9*l**2 + l**3 + 5*l. Suppose -4*y + 4*k = 2*k - 36, 0 = -4*k + 16. Let o be d(y). What is the greatest common factor of o and 21?
21
Suppose 11*n - 172 = 279. What is the highest common divisor of n and 164?
41
Let y = -8 + 13. Let l(f) = -12*f - 5. Let r(t) = -t**2 - 2*t + 3. Let u be r(2). Let p be l(u). What is the highest common factor of y and p?
5
Let a(g) be the first derivative of g**2/2 + 4*g - 8. Let v be a(4). Suppose 4*p + 60 + 252 = 5*s, -s = -p - 62. What is the greatest common divisor of s and v?
8
Let l = -44 + 44. Suppose l*q + 12 = q. Calculate the highest common factor of 60 and q.
12
Suppose a = -2*d + 3*d - 56, 0 = -5*a. Suppose 0 = 2*v - 26 - 2. Calculate the highest common divisor of d and v.
14
Let q be 1 - (0 - 5/(-3))*-